{"id":250,"date":"2026-02-26T10:48:36","date_gmt":"2026-02-26T09:48:36","guid":{"rendered":"http:\/\/www.architecture-mutations.fr\/?page_id=250"},"modified":"2026-02-26T11:01:55","modified_gmt":"2026-02-26T10:01:55","slug":"participants","status":"publish","type":"page","link":"http:\/\/www.architecture-mutations.fr\/index.php\/rencontres-interdisciplinaires\/rim-3-vulnerable-habite\/participants\/","title":{"rendered":"Participant.es"},"content":{"rendered":"\n<p><strong>B\u00e9atrice Gisclard<\/strong><\/p>\n\n\n\n<p>B\u00e9atrice Gisclard est designer et docteure en G\u00e9ographie. Elle travaille sur les questions environnementales au sens large et sur la question des risques comme prisme de lecture de nos soci\u00e9t\u00e9s. Le c\u0153ur de ses recherches interroge l\u2019engagement et la participation citoyenne dans les politiques de gestion des risques et les apports du design social dans ces domaines. Ses travaux portent sur les risques naturels (inondation \u2013 canicule), l\u2019alerte \u00e0 la population et les r\u00e9seaux sociaux num\u00e9riques dans la gestion de crise. Elle d\u00e9veloppe actuellement des travaux en termes de design fiction dans le contexte des catastrophes majeures.<\/p>\n\n\n\n<p><strong>Corine Mermillod<\/strong><\/p>\n\n\n\n<p>Convaincue que \u00ab\u00a0l&#8217;architecture peut changer le monde\u00a0\u00bb, Corine Mermillod s\u2019engage depuis ses d\u00e9buts sur des voies pionni\u00e8res et transformatrices, en contribuant \u00e0 la r\u00e9g\u00e9n\u00e9ration de l&#8217;architecture vernaculaire dans le sud du Maroc et en Afghanistan. En \u0153uvrant au sein de plusieurs ONGs pour le d\u00e9veloppement des capacit\u00e9s des communaut\u00e9s locales, elle participe \u00e0 l\u2019\u00e9volution du r\u00f4le de l\u2019architecte. Apr\u00e8s avoir enseign\u00e9 \u00e0 diverses communaut\u00e9s professionnelles \u00e0 travers le monde pendant plus de 15 ans, elle fonde ARCHIDOERS, atelier d&#8217;architecture \u00e0 Annecy et en Suisse Romande sp\u00e9cialis\u00e9 en accompagnement de projets \u00e0 impact et cr\u00e9ations \u00e0 vocation r\u00e9g\u00e9n\u00e9rative pour le territoire. Dans sa conf\u00e9rence, elle pr\u00e9sente essentiellement une mission \u00ab\u00a0architectes de l\u2019urgence\u00a0\u00bb, r\u00e9alis\u00e9e en coop\u00e9ration avec Acted dans laquelle elle a r\u00e9alis\u00e9 le diagnostic post-sismique, la conception des \u00ab\u00a0shelters\u00a0\u00bb, et les recommandations techniques pour la r\u00e9sistance aux s\u00e9ismes. Cette mission a \u00e9t\u00e9 men\u00e9e en coop\u00e9ration avec Marc Moulins pour le village de Narhin et Simone Dufour pour le village de Shamali.<\/p>\n\n\n\n<p><strong>Alexandre Monnin<\/strong><\/p>\n\n\n\n<p>Alexandre Monnin est philosophe, actuellement directeur du POPSU Transition de la m\u00e9tropole Nice C\u00f4te d&#8217;Azur (rattach\u00e9 \u00e0 l&#8217;\u00e9cole Centrale M\u00e9diterran\u00e9e), et co-initiateur du courant de la redirection \u00e9cologique. Il a \u0153uvr\u00e9 dans le domaine de la philosophie du Web et, \u00e0 partir de 2015, alors chercheur chez Inria \u00e0 Sophia Antipolis (2014-2017), il a questionn\u00e9 la viabilit\u00e9 du num\u00e9rique et lanc\u00e9 diverses initiatives qui l&#8217;ont amen\u00e9 \u00e0 travailler sur le rapport 2017 du Shift Project, Pour une sobri\u00e9t\u00e9 num\u00e9rique. Avec Diego Landivar et Emmanuel Bonnet, il a mont\u00e9 une formation \u00e0 la redirection \u00e9cologique dont il a \u00e9t\u00e9 le directeur entre 2020 et 2024, le MSc \u201cStrategy &amp; Design for the Anthropocene\u201d. Tous trois ont publi\u00e9 un livre en 2021, H\u00e9ritage et Fermeture. Une \u00e9cologie du d\u00e9mant\u00e8lement (Divergences). Alexandre Monnin a \u00e9galement publi\u00e9 Politiser le renoncement en 2023(\u00e9galement chez Divergences).<\/p>\n\n\n\n<p><\/p>\n","protected":false},"excerpt":{"rendered":"<p>B\u00e9atrice Gisclard B\u00e9atrice Gisclard est designer et docteure en G\u00e9ographie. Elle travaille sur les questions environnementales au sens large et sur la question des risques comme prisme de lecture de nos soci\u00e9t\u00e9s. Le c\u0153ur de ses recherches interroge l\u2019engagement et la participation citoyenne dans les politiques de gestion des risques et les apports du design &hellip;<\/p>\n<p class=\"read-more\"> <a class=\"\" href=\"http:\/\/www.architecture-mutations.fr\/index.php\/rencontres-interdisciplinaires\/rim-3-vulnerable-habite\/participants\/\"> <span class=\"screen-reader-text\">Participant.es<\/span> Read More &raquo;<\/a><\/p>\n","protected":false},"author":1,"featured_media":0,"parent":243,"menu_order":0,"comment_status":"closed","ping_status":"closed","template":"","meta":{"site-sidebar-layout":"default","site-content-layout":"default","ast-global-header-display":"","ast-main-header-display":"","ast-hfb-above-header-display":"","ast-hfb-below-header-display":"","ast-hfb-mobile-header-display":"","site-post-title":"","ast-breadcrumbs-content":"","ast-featured-img":"","footer-sml-layout":"","theme-transparent-header-meta":"","adv-header-id-meta":"","stick-header-meta":"","header-above-stick-meta":"","header-main-stick-meta":"","header-below-stick-meta":"","footnotes":""},"class_list":["post-250","page","type-page","status-publish","hentry"],"_links":{"self":[{"href":"http:\/\/www.architecture-mutations.fr\/index.php\/wp-json\/wp\/v2\/pages\/250","targetHints":{"allow":["GET"]}}],"collection":[{"href":"http:\/\/www.architecture-mutations.fr\/index.php\/wp-json\/wp\/v2\/pages"}],"about":[{"href":"http:\/\/www.architecture-mutations.fr\/index.php\/wp-json\/wp\/v2\/types\/page"}],"author":[{"embeddable":true,"href":"http:\/\/www.architecture-mutations.fr\/index.php\/wp-json\/wp\/v2\/users\/1"}],"replies":[{"embeddable":true,"href":"http:\/\/www.architecture-mutations.fr\/index.php\/wp-json\/wp\/v2\/comments?post=250"}],"version-history":[{"count":3,"href":"http:\/\/www.architecture-mutations.fr\/index.php\/wp-json\/wp\/v2\/pages\/250\/revisions"}],"predecessor-version":[{"id":272,"href":"http:\/\/www.architecture-mutations.fr\/index.php\/wp-json\/wp\/v2\/pages\/250\/revisions\/272"}],"up":[{"embeddable":true,"href":"http:\/\/www.architecture-mutations.fr\/index.php\/wp-json\/wp\/v2\/pages\/243"}],"wp:attachment":[{"href":"http:\/\/www.architecture-mutations.fr\/index.php\/wp-json\/wp\/v2\/media?parent=250"}],"curies":[{"name":"wp","href":"https:\/\/api.w.org\/{rel}","templated":true}]}}