{"id":2,"date":"2022-08-19T18:46:24","date_gmt":"2022-08-19T16:46:24","guid":{"rendered":"http:\/\/www.architecture-mutations.fr\/?page_id=2"},"modified":"2022-08-23T13:23:20","modified_gmt":"2022-08-23T11:23:20","slug":"page-d-exemple","status":"publish","type":"page","link":"http:\/\/www.architecture-mutations.fr\/index.php\/page-d-exemple\/","title":{"rendered":"? Mutations ?"},"content":{"rendered":"\n<p>Le projet Mutations nait en 2016 de la volont\u00e9 d\u2019une \u00e9quipe d\u2019enseignants, de chercheurs et de praticiens de l\u2019ENSArchitecture Nancy, de travailler ensemble sur le constat sans appel de l\u2019imminence de transformations socio-\u00e9conomiques, culturelles et surtout environnementales graves et profondes, \u00e0 l\u2019\u00e9chelle locale comme globale. Appartenant \u00e0 l\u2019axe 3 du Laboratoire d\u2019Histoire de l\u2019Architecture Contemporaine (LHAC) intitul\u00e9 \u00ab Production et r\u00e9ception de l\u2019architecture \u00bb, les membres de l\u2019\u00e9quipe Mutations sont convaincus que ces transformations ont un impact sur l\u2019habiter dans toutes ses dimensions et n\u00e9cessitent d\u2019interroger les fondements des m\u00e9tiers et des pratiques li\u00e9es \u00e0 l\u2019architecture, ainsi que de penser leurs effets dans les champs de l\u2019enseignement et de la recherche.<\/p>\n\n\n\n<p>Men\u00e9es dans les champs de la pratique architecturale, de la philosophie, de l\u2019anthropologie et de la sociologie, les recherches de l\u2019\u00e9quipe \u00ab Mutations \u00bb partagent le constat sans appel des profondes mutations de l\u2019espace socio-\u00e9conomique, culturel et environnemental en cours. Elle se propose donc de rep\u00e9rer et d\u2019anticiper les grandes transformations et les \u00ab signaux faibles \u00bb qui traversent les soci\u00e9t\u00e9s, et de penser leurs effets pour la pratique et la pens\u00e9e sur l\u2019architecture. Pour les aborder dans une vis\u00e9e critique et prospective, elle les envisage en articulant deux orientations de recherche \u00e9troitement connect\u00e9es, l\u2019une orient\u00e9e vers la \u00ab production \u00bb de l\u2019architecture et l\u2019autre vers sa \u00ab r\u00e9ception \u00bb.<\/p>\n\n\n\n<p>La production de l\u2019architecture et de l\u2019urbanisme est pens\u00e9e dans un contexte socio-\u00e9conomique, culturel et environnemental in\u00e9dit et dans ses implications anthropologiques et th\u00e9orique. Elle se construit \u00e0 travers l\u2019\u00e9tude de l\u2019organisation des intervenants, des modes de repr\u00e9sentation et des processus de conception, ainsi que dans l\u2019\u00e9laboration des structures et de l\u2019emploi des mat\u00e9riaux. Elle s\u2019int\u00e9resse \u00e0 ces questionnements dans le champ des m\u00e9tiers de l\u2019architecture, et analyse leurs impacts en termes d\u2019habitabilit\u00e9s alternatives. Elle explore non seulement les processus \u00e0 l\u2019\u0153uvre chez les professionnels, mais aussi les transformations de l\u2019espace op\u00e9r\u00e9es par les populations et leurs constructions politiques.<\/p>\n\n\n\n<p>La r\u00e9ception de l\u2019architecture et de l\u2019urbanisme contemporains, de leurs objets et espaces, est interrog\u00e9e en termes d\u2019exp\u00e9rience, de repr\u00e9sentations, de significations et d\u2019usages, ainsi que du point de vue de leurs effets sociaux, politiques et environnementaux. Elle s\u2019int\u00e9resse autant \u00e0 la r\u00e9ception par les habitants que par la critique. Elle interroge nos mani\u00e8res d\u2019appr\u00e9hender les objets architecturaux et leurs effets sur leurs usagers, par un questionnement sur les notions d\u2019exp\u00e9rience, de perception, de signification, en convoquant notamment les ressources de la s\u00e9miotique, de la syst\u00e9mique, et celles des enqu\u00eates de terrain. Elle regarde comment et en quoi les spatialit\u00e9s et les spatialisations li\u00e9es aux mondes contemporains contribuent \u00e0 modifier nos mythes, nos rites, nos rythmes, nos cultes, nos l\u00e9gendes, nos idoles et nos fa\u00e7ons de composer nos fictions et r\u00e9cits. Il s\u2019agit \u00e9galement de se nourrir de la rencontre d\u2019autres mondes afin de nourrir notre compr\u00e9hension de l\u2019ici.<\/p>\n\n\n\n<p>Les orientations propos\u00e9es recouvrent le r\u00e9seau de questionnements traditionnellement port\u00e9s par la th\u00e9orie et la critique architecturale, et visent \u00e0 son enrichissement par la rencontre avec les sciences sociales. Mutations fait l\u2019hypoth\u00e8se que la confrontation entre pratiques professionnelles et spontan\u00e9es, th\u00e9ories architecturales et approches anthropologiques, entre questionnements philosophiques et enqu\u00eates sociologiques, est d\u00e9sormais n\u00e9cessaire pour penser la production et l\u2019occupation de l\u2019espace au XXIe si\u00e8cle, et leurs implications sur les pratiques habitantes, les identit\u00e9s, les enjeux politiques, symboliques, rituels, techniques, po\u00e9tiques et \u00e9thiques.<\/p>\n\n\n\n<p>Ce site internet met \u00e0 disposition de tous les r\u00e9flexions men\u00e9es par l\u2019\u00e9quipe ainsi que des retranscriptions ou des synth\u00e8ses des \u00e9v\u00e8nements que celle-ci a organis\u00e9s. L\u2019\u00e9quipe remercie l\u2019\u00c9cole nationale sup\u00e9rieure d\u2019architecture de Nancy, le Laboratoire d\u2019histoire de l\u2019architecture contemporaine et la M\u00e9tropole du Grand Nancy qui ont rendu possibles ces travaux.<\/p>\n\n\n\n<figure class=\"wp-block-image size-full is-resized\"><img loading=\"lazy\" decoding=\"async\" src=\"http:\/\/www.architecture-mutations.fr\/wp-content\/uploads\/2022\/08\/image.jpeg\" alt=\"\" class=\"wp-image-204\" width=\"146\" height=\"59\"\/><\/figure>\n\n\n\n<figure class=\"wp-block-image size-full is-resized\"><img loading=\"lazy\" decoding=\"async\" src=\"http:\/\/www.architecture-mutations.fr\/wp-content\/uploads\/2022\/08\/logo-ensan-1.png\" alt=\"\" class=\"wp-image-203\" width=\"146\" height=\"84\"\/><\/figure>\n\n\n\n<figure class=\"wp-block-image size-full is-resized\"><img loading=\"lazy\" decoding=\"async\" src=\"http:\/\/www.architecture-mutations.fr\/wp-content\/uploads\/2022\/08\/250_107_1_logo-metropole-couleur.webp\" alt=\"\" class=\"wp-image-202\" width=\"146\" height=\"54\"\/><\/figure>\n","protected":false},"excerpt":{"rendered":"<p>Le projet Mutations nait en 2016 de la volont\u00e9 d\u2019une \u00e9quipe d\u2019enseignants, de chercheurs et de praticiens de l\u2019ENSArchitecture Nancy, de travailler ensemble sur le constat sans appel de l\u2019imminence de transformations socio-\u00e9conomiques, culturelles et surtout environnementales graves et profondes, \u00e0 l\u2019\u00e9chelle locale comme globale. Appartenant \u00e0 l\u2019axe 3 du Laboratoire d\u2019Histoire de l\u2019Architecture Contemporaine &hellip;<\/p>\n<p class=\"read-more\"> <a class=\"\" href=\"http:\/\/www.architecture-mutations.fr\/index.php\/page-d-exemple\/\"> <span class=\"screen-reader-text\">? Mutations ?<\/span> Read More &raquo;<\/a><\/p>\n","protected":false},"author":1,"featured_media":0,"parent":0,"menu_order":0,"comment_status":"closed","ping_status":"open","template":"","meta":{"site-sidebar-layout":"default","site-content-layout":"default","ast-global-header-display":"","ast-main-header-display":"","ast-hfb-above-header-display":"","ast-hfb-below-header-display":"","ast-hfb-mobile-header-display":"","site-post-title":"","ast-breadcrumbs-content":"","ast-featured-img":"","footer-sml-layout":"","theme-transparent-header-meta":"","adv-header-id-meta":"","stick-header-meta":"","header-above-stick-meta":"","header-main-stick-meta":"","header-below-stick-meta":"","footnotes":""},"class_list":["post-2","page","type-page","status-publish","hentry"],"_links":{"self":[{"href":"http:\/\/www.architecture-mutations.fr\/index.php\/wp-json\/wp\/v2\/pages\/2","targetHints":{"allow":["GET"]}}],"collection":[{"href":"http:\/\/www.architecture-mutations.fr\/index.php\/wp-json\/wp\/v2\/pages"}],"about":[{"href":"http:\/\/www.architecture-mutations.fr\/index.php\/wp-json\/wp\/v2\/types\/page"}],"author":[{"embeddable":true,"href":"http:\/\/www.architecture-mutations.fr\/index.php\/wp-json\/wp\/v2\/users\/1"}],"replies":[{"embeddable":true,"href":"http:\/\/www.architecture-mutations.fr\/index.php\/wp-json\/wp\/v2\/comments?post=2"}],"version-history":[{"count":8,"href":"http:\/\/www.architecture-mutations.fr\/index.php\/wp-json\/wp\/v2\/pages\/2\/revisions"}],"predecessor-version":[{"id":205,"href":"http:\/\/www.architecture-mutations.fr\/index.php\/wp-json\/wp\/v2\/pages\/2\/revisions\/205"}],"wp:attachment":[{"href":"http:\/\/www.architecture-mutations.fr\/index.php\/wp-json\/wp\/v2\/media?parent=2"}],"curies":[{"name":"wp","href":"https:\/\/api.w.org\/{rel}","templated":true}]}}

<p>Le projet Mutations nait en 2016 de la volonté d’une équipe d’enseignants, de chercheurs et de praticiens de l’ENSArchitecture Nancy, de travailler ensemble sur le constat sans appel de l’imminence de transformations socio-économiques, culturelles et surtout environnementales graves et profondes, à l’échelle locale comme globale. Appartenant à l’axe 3 du Laboratoire d’Histoire de l’Architecture Contemporaine (LHAC) intitulé « Production et réception de l’architecture », les membres de l’équipe Mutations sont convaincus que ces transformations ont un impact sur l’habiter dans toutes ses dimensions et nécessitent d’interroger les fondements des métiers et des pratiques liées à l’architecture, ainsi que de penser leurs effets dans les champs de l’enseignement et de la recherche.</p>



<p>Menées dans les champs de la pratique architecturale, de la philosophie, de l’anthropologie et de la sociologie, les recherches de l’équipe « Mutations » partagent le constat sans appel des profondes mutations de l’espace socio-économique, culturel et environnemental en cours. Elle se propose donc de repérer et d’anticiper les grandes transformations et les « signaux faibles » qui traversent les sociétés, et de penser leurs effets pour la pratique et la pensée sur l’architecture. Pour les aborder dans une visée critique et prospective, elle les envisage en articulant deux orientations de recherche étroitement connectées, l’une orientée vers la « production » de l’architecture et l’autre vers sa « réception ».</p>



<p>La production de l’architecture et de l’urbanisme est pensée dans un contexte socio-économique, culturel et environnemental inédit et dans ses implications anthropologiques et théorique. Elle se construit à travers l’étude de l’organisation des intervenants, des modes de représentation et des processus de conception, ainsi que dans l’élaboration des structures et de l’emploi des matériaux. Elle s’intéresse à ces questionnements dans le champ des métiers de l’architecture, et analyse leurs impacts en termes d’habitabilités alternatives. Elle explore non seulement les processus à l’œuvre chez les professionnels, mais aussi les transformations de l’espace opérées par les populations et leurs constructions politiques.</p>



<p>La réception de l’architecture et de l’urbanisme contemporains, de leurs objets et espaces, est interrogée en termes d’expérience, de représentations, de significations et d’usages, ainsi que du point de vue de leurs effets sociaux, politiques et environnementaux. Elle s’intéresse autant à la réception par les habitants que par la critique. Elle interroge nos manières d’appréhender les objets architecturaux et leurs effets sur leurs usagers, par un questionnement sur les notions d’expérience, de perception, de signification, en convoquant notamment les ressources de la sémiotique, de la systémique, et celles des enquêtes de terrain. Elle regarde comment et en quoi les spatialités et les spatialisations liées aux mondes contemporains contribuent à modifier nos mythes, nos rites, nos rythmes, nos cultes, nos légendes, nos idoles et nos façons de composer nos fictions et récits. Il s’agit également de se nourrir de la rencontre d’autres mondes afin de nourrir notre compréhension de l’ici.</p>



<p>Les orientations proposées recouvrent le réseau de questionnements traditionnellement portés par la théorie et la critique architecturale, et visent à son enrichissement par la rencontre avec les sciences sociales. Mutations fait l’hypothèse que la confrontation entre pratiques professionnelles et spontanées, théories architecturales et approches anthropologiques, entre questionnements philosophiques et enquêtes sociologiques, est désormais nécessaire pour penser la production et l’occupation de l’espace au XXIe siècle, et leurs implications sur les pratiques habitantes, les identités, les enjeux politiques, symboliques, rituels, techniques, poétiques et éthiques.</p>



<p>Ce site internet met à disposition de tous les réflexions menées par l’équipe ainsi que des retranscriptions ou des synthèses des évènements que celle-ci a organisés. L’équipe remercie l’École nationale supérieure d’architecture de Nancy, le Laboratoire d’histoire de l’architecture contemporaine et la Métropole du Grand Nancy qui ont rendu possibles ces travaux.</p>



<figure class="wp-block-image size-full is-resized"><img loading="lazy" decoding="async" src="http://www.architecture-mutations.fr/wp-content/uploads/2022/08/image.jpeg" alt="" class="wp-image-204" width="146" height="59"/></figure>



<figure class="wp-block-image size-full is-resized"><img loading="lazy" decoding="async" src="http://www.architecture-mutations.fr/wp-content/uploads/2022/08/logo-ensan-1.png" alt="" class="wp-image-203" width="146" height="84"/></figure>



<figure class="wp-block-image size-full is-resized"><img loading="lazy" decoding="async" src="http://www.architecture-mutations.fr/wp-content/uploads/2022/08/250_107_1_logo-metropole-couleur.webp" alt="" class="wp-image-202" width="146" height="54"/></figure>

<p>Le projet Mutations nait en 2016 de la volonté d’une équipe d’enseignants, de chercheurs et de praticiens de l’ENSArchitecture Nancy, de travailler ensemble sur le constat sans appel de l’imminence de transformations socio-économiques, culturelles et surtout environnementales graves et profondes, à l’échelle locale comme globale. Appartenant à l’axe 3 du Laboratoire d’Histoire de l’Architecture Contemporaine &hellip;</p>
<p class="read-more"> <a class="" href="http://www.architecture-mutations.fr/index.php/page-d-exemple/"> <span class="screen-reader-text">? Mutations ?</span> Read More &raquo;</a></p>
